alculate the remainder when 430 is divided by 15.
10
What is the remainder when 36 is divided by 24?
12
Calculate the remainder when 141 is divided by 104.
37
Calculate the remainder when 308 is divided by 88.
44
Calculate the remainder when 198 is divided by 42.
30
What is the remainder when 696 is divided by 35?
31
Calculate the remainder when 116 is divided by 77.
39
What is the remainder when 45 is divided by 30?
15
Calculate the remainder when 381 is divided by 45.
21
Calculate the remainder when 1154 is divided by 574.
6
Calculate the remainder when 1279 is divided by 49.
5
Calculate the remainder when 440 is divided by 111.
107
Calculate the remainder when 212 is divided by 131.
81
Calculate the remainder when 209 is divided by 94.
21
Calculate the remainder when 1902 is divided by 127.
124
What is the remainder when 176 is divided by 20?
16
Calculate the remainder when 371 is divided by 90.
11
Calculate the remainder when 2612 is divided by 217.
8
What is the remainder when 472 is divided by 294?
178
Calculate the remainder when 1712 is divided by 35.
32
What is the remainder when 7729 is divided by 9?
7
What is the remainder when 81 is divided by 23?
12
What is the remainder when 1121 is divided by 6?
5
Calculate the remainder when 213 is divided by 23.
6
Calculate the remainder when 136 is divided by 36.
28
Calculate the remainder when 397 is divided by 100.
97
What is the remainder when 118 is divided by 40?
38
Calculate the remainder when 3159 is divided by 47.
10
Calculate the remainder when 75 is divided by 66.
9
What is the remainder when 1494 is divided by 46?
22
What is the remainder when 350 is divided by 158?
34
What is the remainder when 21 is divided by 18?
3
What is the remainder when 226 is divided by 101?
24
Calculate the remainder when 284 is divided by 92.
8
Calculate the remainder when 39122 is divided by 4.
2
Calculate the remainder when 143 is divided by 6.
5
Calculate the remainder when 548 is divided by 457.
91
Calculate the remainder when 2921 is divided by 13.
9
What is the remainder when 141 is divided by 13?
11
Calculate the remainder when 306 is divided by 28.
26
Calculate the remainder when 2101 is divided by 2097.
4
Calculate the remainder when 279 is divided by 28.
27
What is the remainder when 68 is divided by 8?
4
What is the remainder when 12914 is divided by 4297?
23
What is the remainder when 4691 is divided by 34?
33
Calculate the remainder when 268 is divided by 34.
30
What is the remainder when 502 is divided by 24?
22
What is the remainder when 200 is divided by 17?
13
Calculate the remainder when 393 is divided by 67.
58
What is the remainder when 263 is divided by 44?
43
Calculate the remainder when 69 is divided by 14.
13
What is the remainder when 29 is divided by 9?
2
What is the remainder when 688 is divided by 272?
144
Calculate the remainder when 581 is divided by 11.
9
Calculate the remainder when 62 is divided by 22.
18
What is the remainder when 637 is divided by 159?
1
Calculate the remainder when 309 is divided by 156.
153
What is the remainder when 139 is divided by 55?
29
What is the remainder when 1689 is divided by 154?
149
What is the remainder when 89 is divided by 26?
11
Calculate the remainder when 1515 is divided by 395.
330
What is the remainder when 60251 is divided by 47?
44
What is the remainder when 114 is divided by 36?
6
What is the remainder when 922 is divided by 7?
5
Calculate the remainder when 173 is divided by 26.
17
Calculate the remainder when 42 is divided by 11.
9
Calculate the remainder when 648 is divided by 39.
24
What is the remainder when 301 is divided by 79?
64
Calculate the remainder when 359 is divided by 23.
14
Calculate the remainder when 1263 is divided by 23.
21
What is the remainder when 215 is divided by 54?
53
What is the remainder when 305 is divided by 47?
23
Calculate the remainder when 739 is divided by 57.
55
What is the remainder when 270 is divided by 68?
66
Calculate the remainder when 5214 is divided by 307.
302
Calculate the remainder when 3383 is divided by 141.
140
What is the remainder when 979 is divided by 3?
1
What is the remainder when 179 is divided by 36?
35
Calculate the remainder when 269 is divided by 17.
14
What is the remainder when 1419 is divided by 71?
70
Calculate the remainder when 492 is divided by 127.
111
Calculate the remainder when 342 is divided by 29.
23
What is the remainder when 3635 is divided by 36?
35
What is the remainder when 15 is divided by 10?
5
What is the remainder when 807 is divided by 27?
24
Calculate the remainder when 615 is divided by 201.
12
Calculate the remainder when 643 is divided by 28.
27
Calculate the remainder when 392 is divided by 59.
38
What is the remainder when 33 is divided by 7?
5
What is the remainder when 3627 is divided by 121?
118
Calculate the remainder when 2959 is divided by 69.
61
Calculate the remainder when 131 is divided by 70.
61
Calculate the remainder when 3754 is divided by 12.
10
What is the remainder when 398 is divided by 40?
38
What is the remainder when 1507 is divided by 58?
57
What is the remainder when 86 is divided by 46?
40
What is the remainder when 997 is divided by 20?
17
Calculate the remainder when 38 is divided by 8.
6
Calculate the remainder when 37 is divided by 5.
2
Calculate the remainder when 599 is divided by 100.
99
Calculate the remainder when 733 is divided by 67.
63
What is the remainder when 101 is divided by 31?
8
What is the remainder when 177 is divided by 34?
7
What is the remainder when 186 is divided by 10?
6
What is the remainder when 82 is divided by 37?
8
Calculate the remainder when 457 is divided by 82.
47
What is the remainder when 72 is divided by 15?
12
What is the remainder when 174 is divided by 38?
22
What is the remainder when 538 is divided by 262?
14
What is the remainder when 148 is divided by 40?
28
Calculate the remainder when 37 is divided by 3.
1
What is the remainder when 287 is divided by 90?
17
Calculate the remainder when 333 is divided by 103.
24
What is the remainder when 79 is divided by 58?
21
Calculate the remainder when 261 is divided by 24.
21
Calculate the remainder when 128 is divided by 26.
24
Calculate the remainder when 357 is divided by 15.
12
Calculate the remainder when 2305 is divided by 35.
30
Calculate the remainder when 2812 is divided by 932.
16
Calculate the remainder when 3716 is divided by 169.
167
What is the remainder when 438 is divided by 42?
18
Calculate the remainder when 373 is divided by 355.
18
What is the remainder when 972 is divided by 15?
12
Calculate the remainder when 155 is divided by 27.
20
What is the remainder when 926 is divided by 17?
8
What is the remainder when 190 is divided by 96?
94
Calculate the remainder when 3343 is divided by 209.
208
Calculate the remainder when 291 is divided by 59.
55
Calculate the remainder when 219 is divided by 44.
43
Calculate the remainder when 209 is divided by 160.
49
What is the remainder when 2439 is divided by 8?
7
What is the remainder when 209 is divided by 21?
20
Calculate the remainder when 19 is divided by 10.
9
Calculate the remainder when 1489 is divided by 1460.
29
What is the remainder when 164 is divided by 33?
32
Calculate the remainder when 4703 is divided by 42.
41
What is the remainder when 166 is divided by 112?
54
What is the remainder when 291 is divided by 8?
3
What is the remainder when 245 is divided by 64?
53
What is the remainder when 104 is divided by 21?
20
Calculate the remainder when 114 is divided by 15.
9
What is the remainder when 4711 is divided by 124?
123
What is the remainder when 67 is divided by 17?
16
What is the remainder when 44483 is divided by 118?
115
What is the remainder when 1551 is divided by 37?
34
What is the remainder when 2541 is divided by 635?
1
What is the remainder when 367 is divided by 64?
47
Calculate the remainder when 214 is divided by 53.
2
What is the remainder when 69 is divided by 24?
21
Calculate the remainder when 136 is divided by 21.
10
What is the remainder when 89 is divided by 31?
27
Calculate the remainder when 20833 is divided by 138.
133
What is the remainder when 1708 is divided by 90?
88
Calculate the remainder when 3542 is divided by 588.
14
Ca